ime factors of j(8)?
3, 5, 11
Let h(i) = i**2 + 7*i - 8. Let x be h(-19). Suppose -k - x = -11*k. What are the prime factors of k?
2, 11
Let k be 2*2/(-22) - (-4473)/99. Let h = 168 - k. List the prime factors of h.
3, 41
Suppose 4*o - 18 = o. Let d(n) = -6*n**3 - 2*n**3 + 9*n**3 - 4*n**2 + 9 - 8*n. What are the prime factors of d(o)?
3, 11
Let l be -3*(-6)/(-5)*-5. Let q(z) = -5*z - 41. Let y be q(-8). What are the prime factors of (l - -3) + y + -3?
17
Suppose 7200 = 13*g + 1649. List the prime factors of g.
7, 61
Suppose 4*z - 506 = 82. Let x = -69 + z. What are the prime factors of x?
2, 3, 13
Suppose -4*j - 18 = -50. What are the prime factors of j?
2
Let t = 61 + -160. Let s = -27 - t. List the prime factors of s.
2, 3
Let d(b) = -b**3 - 9*b**2 - 18*b - 6. Let o(i) = 2*i. Let l(j) = -d(j) - 4*o(j). Suppose 5*a + 39 = 4*k, 6*k - k + 23 = -4*a. List the prime factors of l(a).
2, 17
Let p(u) = u**3 + 11*u**2 + 18*u - 4. Let z(c) = c**2 - 7*c - 2. Let t be z(6). List the prime factors of p(t).
2, 11
Suppose 596 = 18*d + 128. Suppose -8 = -5*y + 12. Suppose -5*t + d = -y*t. What are the prime factors of t?
2, 13
Suppose -p = -4*l - 2953, -5*l + 1545 - 7463 = -2*p. What are the prime factors of p?
2969
Let o(n) = 4*n**3 - 15*n**2 - 56*n - 10. What are the prime factors of o(11)?
3, 31
What are the prime factors of (-50592)/(-34) + 0/(-2) + 2?
2, 5, 149
Suppose 0 = -4*s - 3*s + 21. Suppose s*w - 2*d - 427 = 0, 3*d + 710 = -2*w + 7*w. List the prime factors of w.
139
Let j be ((109 - 1)/9)/(2/(-18)). Let r = -36 - j. List the prime factors of r.
2, 3
Let p(s) = -20*s + 16*s - 2 + 10*s**2 + 1. List the prime factors of p(-2).
47
Suppose -13*r = 3587 - 1013. Let o = r + 380. What are the prime factors of o?
2, 7, 13
Suppose 0 = 19*l - 5*l - 22694. List the prime factors of l.
1621
Let p(a) = 2851*a**2 + 69*a - 71. What are the prime factors of p(1)?
7, 11, 37
Suppose 0 = 4*x + s - 7560 + 2323, s - 1310 = -x. List the prime factors of x.
7, 11, 17
Suppose 14 = 4*p - 6, 5*p = -4*n + 1217. List the prime factors of n.
2, 149
Let v be (-20)/(-8)*(-4)/(-5). Suppose 5*c = -4*k + 135, -3*c + 35 = k - v*c. What are the prime factors of k?
2, 5
Let j be 2/(-15)*-5*3. Suppose b - 2*a - 6 = -2, 2*a - j = -2*b. Suppose 54 = b*i + 6. List the prime factors of i.
2, 3
Let r(m) = 30*m + 25. List the prime factors of r(4).
5, 29
Suppose 2*o - 2380 = -5*r, -r - 2*o + 232 = -236. What are the prime factors of r?
2, 239
What are the prime factors of 291*(-4)/24*(1 + -43)?
3, 7, 97
List the prime factors of (-5)/40 - 662609/(-136).
2, 3, 7, 29
Suppose 4*r + r - h = 24, -5*r + 5*h + 40 = 0. Let f(g) be the third derivative of g**4/6 + 7*g**3/6 - 4*g**2 - 1. List the prime factors of f(r).
23
Suppose 4*p - 17 = -2*z - 87, 3*p = -3*z - 45. Let u = -7 - p. What are the prime factors of u?
13
Let t = -1 - -1. Suppose t = -0*x - x. Suppose x*f + 5*f - 110 = 0. List the prime factors of f.
2, 11
Let b be (0 + -1)*(-1 - -1). Suppose b = 2*f - 2 - 2. Suppose -f*h = -43 - 1. What are the prime factors of h?
2, 11
Suppose 13*x - 2542 = 2203. List the prime factors of x.
5, 73
Suppose 2*h + 5081 = 3*m, -2*m + 3*h + 3379 = -0*h. List the prime factors of m.
1697
Let s(x) = 7*x**3 - 11*x**2 + 9*x + 1. Let l(f) = f**3 - f**2 + f. Let t(r) = -5*l(r) + s(r). List the prime factors of t(4).
7
What are the prime factors of (-1227)/(-21) - (-6)/(-14)?
2, 29
Let m(c) = 9*c**2 + 5*c - 19. List the prime factors of m(15).
2081
Suppose -y = 6*m - 7*m + 1940, 2*y = -2*m + 3872. What are the prime factors of m?
2, 3, 17, 19
Let m(q) = 176*q + 12. List the prime factors of m(6).
2, 3, 89
Let q(k) = 20*k + 7. Let v(g) = 10*g + 4. Let h(r) = -3*q(r) + 5*v(r). Let d = -13 - -12. What are the prime factors of h(d)?
3
Suppose 5*c - 9*a = -11*a + 19515, -2*c + a + 7797 = 0. List the prime factors of c.
47, 83
Suppose 0 = -4*y + 45 - 65. Let n(q) = -28*q + 16. List the prime factors of n(y).
2, 3, 13
Let h = 79 - -49. List the prime factors of h.
2
Let f(h) = h**3 - 5*h**2 + 6*h - 6. Let l be f(4). Suppose -2*i - l*i = 0. Suppose q + i = 9. What are the prime factors of q?
3
Suppose 0 = 5*c - 65. What are the prime factors of c?
13
Let j be (-3)/((-3)/(-4) - 1). Suppose 0*m - 3*m - 3*u + 24 = 0, -3*u = -4*m + 18. Suppose -2*y + m = -j. List the prime factors of y.
3
List the prime factors of 14/(-63) - (-22780)/45.
2, 11, 23
Let c = -2336 + 3396. What are the prime factors of c?
2, 5, 53
Suppose 916 + 3504 = 5*w - 5*d, w - 884 = -d. What are the prime factors of w?
2, 13, 17
Let w = -92 - -50. List the prime factors of 2/6 - (-7)/(w/(-232)).
3, 13
Let x = -24 + 18. What are the prime factors of (-2 - 0 - x/8)*-92?
5, 23
Suppose 3*z = -2*c + 1030 - 56, 2*c + 656 = 2*z. What are the prime factors of z?
2, 163
Let f be (-3 - -1) + -1 + 5. Let y be ((-261)/f)/(30/(-40)). Suppose 9*o - 12*o = -y. What are the prime factors of o?
2, 29
Let q(c) = -2*c**3 - 11*c**2 + 7*c - 11. List the prime factors of q(-9).
17, 29
Let h(x) = 3*x - 72. Let s be h(25). Suppose -3*a + s*v + 505 = -479, 0 = -4*a - v + 1302. What are the prime factors of a?
2, 163
Let r = -13 + 32. Let k = -14 + r. Suppose -k*l = -10*l + 125. List the prime factors of l.
5
Let l(u) = 3*u**3 - 17*u**2 - 5*u + 6. Suppose -4*c + 37 - 13 = 0. List the prime factors of l(c).
2, 3
Let n = -29 + 366. What are the prime factors of n?
337
Let t = 29 - -57. Let w = 127 - t. What are the prime factors of w?
41
Let r = -63 + 118. Let p = r + 3. List the prime factors of p.
2, 29
Suppose 11*c - 12*c = -3. Suppose 2*i = 5*t - 23, 9 = 4*i + 4*t - 3*t. What are the prime factors of (i + 16 - 1) + c?
19
Let o be (-1)/(3/(-27)*3). Suppose 6*j - 16 = -o*h + 2*j, 4*h = -2*j + 18. Suppose -9 = -h*i + 11, -263 = -4*y + 5*i. What are the prime factors of y?
2, 3
Let f = -107 - -231. Let c = 328 - f. List the prime factors of c.
2, 3, 17
Let z(m) = -1192*m + 118. What are the prime factors of z(-3)?
2, 1847
Let w be 3*(-3 + -2 + -1). Let z be (-256)/(-144) + (-4)/w. List the prime factors of ((-16)/z)/(9/(-36)).
2
Suppose 6*t - 10172 = 1570. What are the prime factors of t?
19, 103
Suppose -1464 = -3*k - d + 1195, -8 = 4*d. What are the prime factors of k?
887
Let a = -31 - -34. Suppose -y + a = -4. List the prime factors of y.
7
Let z = 70 - 67. Suppose b - 5*s = 170 - 41, 343 = z*b - 4*s. What are the prime factors of b?
109
Let j = 29 + 1910. List the prime factors of j/77 - (-6)/(-33).
5
Let h be 636/3*((-3)/2 + 2). List the prime factors of h/3 + (-10)/(-15).
2, 3
Let r(m) = -56*m**3 + 2*m**2 + 3*m + 13. What are the prime factors of r(-2)?
463
Suppose 0 = -2*f - 2*r + 1016, 23*r = 24*r. What are the prime factors of f?
2, 127
Suppose -a - 2*p + 12 = 0, -2*p = 2*a - 20 + 6. Suppose -62 = -a*r - 4*i, -4*r - 5*i = -r - 96. List the prime factors of r.
37
List the prime factors of -8409*12/(-36) - -12.
5, 563
Let s = 32 - 65. Let o = s + 8. Let k = o + 48. What are the prime factors of k?
23
Suppose -5307 = -314*x + 311*x. What are the prime factors of x?
29, 61
What are the prime factors of (-66)/231 - ((-1119)/21 - 2)?
5, 11
Suppose -4*m = a - 767, -4*a - 232 = -2*m - 3336. Suppose 8*n + 295 - a = 0. What are the prime factors of n?
2, 3, 5
Suppose -8*c = -795 - 1493. What are the prime factors of c?
2, 11, 13
Let r = -86 + 86. Suppose -3*j - 43 + 97 = r. What are the prime factors of j?
2, 3
Let f = -3 - -168. Suppose -f = -k + d, 2*k - 326 = 2*d + 2*d. List the prime factors of k.
167
Suppose -3*p - 123 = -q, 4*p + q = 25 - 182. Let t = p + 72. What are the prime factors of t/(-3)*(-9)/4?
2, 3
Suppose -i = -5*l + 2*i - 30, i = 0. Let s = -3 - l. List the prime factors of (1 - -65)/s + -3.
19
Suppose 4*n - g - 677 = -0*g, 0 = 4*n + 4*g - 672. What are the prime factors of n?
13
Suppose -3*t - 1946 = -4*t. What are the prime factors of t?
2, 7, 139
Let i(r) = 210*r**2 + 3*r + 11. List the prime factors of i(-2).
5, 13
Suppose 3*w + 2*u = -3*u + 5081, w - 1682 = -4*u. What are the prime factors of w?
2, 23, 37
Let w(b) = -b**2 + 13*b - 13. Let s be w(9). List the prime factors of (3 - 1)/((4/s)/2).
23
Suppose 4*t - 27 = 3*t. List the prime factors of 6/(-54) - (-1272)/t.
47
Let d be (-4)/(-18) - 1/(-18)*158. Let v(r) = 18*r - 4. What are the prime factors of 